 when 6272171 is divided by 348438?
287
What is the remainder when 191121081 is divided by 84?
81
Calculate the remainder when 18763 is divided by 368.
363
What is the remainder when 2115091 is divided by 1348?
79
What is the remainder when 5086583 is divided by 22?
7
What is the remainder when 5109114 is divided by 16428?
6
What is the remainder when 4975845 is divided by 12?
9
What is the remainder when 58770 is divided by 2319?
795
What is the remainder when 46443932 is divided by 5160435?
17
What is the remainder when 868078 is divided by 6471?
964
What is the remainder when 14062688 is divided by 8219?
8198
Calculate the remainder when 466637 is divided by 1051.
1044
Calculate the remainder when 8634974 is divided by 454470.
44
What is the remainder when 706232 is divided by 4395?
3032
What is the remainder when 390184 is divided by 1424?
8
Calculate the remainder when 27301899 is divided by 501.
405
What is the remainder when 11406864 is divided by 37?
23
What is the remainder when 1240035 is divided by 65256?
171
Calculate the remainder when 2918577 is divided by 335.
57
What is the remainder when 1352973 is divided by 270590?
23
What is the remainder when 208945 is divided by 69?
13
What is the remainder when 16772455 is divided by 21?
7
What is the remainder when 20626 is divided by 152?
106
Calculate the remainder when 374992 is divided by 8710.
462
Calculate the remainder when 1930939 is divided by 3499.
2990
What is the remainder when 32661951 is divided by 3579?
3576
Calculate the remainder when 1095256 is divided by 1315.
1176
Calculate the remainder when 12836454 is divided by 113.
106
Calculate the remainder when 1374245 is divided by 11264.
37
Calculate the remainder when 30029 is divided by 29883.
146
Calculate the remainder when 327890 is divided by 18101.
2072
Calculate the remainder when 764530 is divided by 254.
244
What is the remainder when 253654352 is divided by 122302?
4
What is the remainder when 3703576 is divided by 154309?
160
Calculate the remainder when 875204 is divided by 3171.
8
What is the remainder when 51005479 is divided by 54?
49
Calculate the remainder when 23097764 is divided by 7699236.
56
What is the remainder when 108793877 is divided by 20?
17
What is the remainder when 40531 is divided by 13452?
175
Calculate the remainder when 4245461 is divided by 14.
3
Calculate the remainder when 22145053 is divided by 533.
502
Calculate the remainder when 64494156 is divided by 288.
12
What is the remainder when 126564237 is divided by 4016?
4013
What is the remainder when 5888072 is divided by 28863?
20
What is the remainder when 30385 is divided by 3821?
3638
What is the remainder when 6794213 is divided by 485300?
13
What is the remainder when 2491352 is divided by 1951?
1876
What is the remainder when 3590350 is divided by 1196727?
169
What is the remainder when 53332 is divided by 7577?
293
What is the remainder when 2582775 is divided by 236?
227
What is the remainder when 20959825 is divided by 127?
126
Calculate the remainder when 122215 is divided by 1001.
93
What is the remainder when 665053 is divided by 4741?
1313
Calculate the remainder when 1815158 is divided by 453788.
6
Calculate the remainder when 919285 is divided by 57455.
5
What is the remainder when 20689482 is divided by 116233?
8
Calculate the remainder when 130899 is divided by 43615.
54
What is the remainder when 4194031 is divided by 126?
121
Calculate the remainder when 21293957 is divided by 29.
11
What is the remainder when 941895 is divided by 21896?
367
Calculate the remainder when 690830 is divided by 228616.
4982
Calculate the remainder when 9347 is divided by 8.
3
Calculate the remainder when 26661718 is divided by 2546.
6
Calculate the remainder when 37379054 is divided by 633543.
17
What is the remainder when 65743 is divided by 1319?
1112
What is the remainder when 20136101 is divided by 86?
61
What is the remainder when 15136 is divided by 15133?
3
What is the remainder when 150347 is divided by 2342?
459
What is the remainder when 24339069 is divided by 38?
31
Calculate the remainder when 1208662 is divided by 172.
18
Calculate the remainder when 1317799 is divided by 4254.
3313
Calculate the remainder when 711069 is divided by 369.
6
Calculate the remainder when 9701 is divided by 2264.
645
Calculate the remainder when 274150799 is divided by 1680.
1679
What is the remainder when 163273 is divided by 2688?
1993
Calculate the remainder when 3432103 is divided by 8412.
7
Calculate the remainder when 479558 is divided by 5156.
50
What is the remainder when 1349468 is divided by 224812?
596
What is the remainder when 900468 is divided by 1992?
84
What is the remainder when 17347 is divided by 17195?
152
Calculate the remainder when 13750 is divided by 358.
146
Calculate the remainder when 158545 is divided by 993.
658
Calculate the remainder when 241638 is divided by 75.
63
What is the remainder when 247268 is divided by 5045?
63
What is the remainder when 177939 is divided by 1194?
33
Calculate the remainder when 46511476 is divided by 65.
11
Calculate the remainder when 409530 is divided by 40.
10
What is the remainder when 123967 is divided by 15481?
119
Calculate the remainder when 1403539 is divided by 190.
9
Calculate the remainder when 232664795 is divided by 806.
805
Calculate the remainder when 25476 is divided by 224.
164
Calculate the remainder when 12932817 is divided by 3295.
3237
What is the remainder when 51435330 is divided by 10287066?
0
What is the remainder when 1124807 is divided by 1894?
1665
Calculate the remainder when 828113 is divided by 121.
110
Calculate the remainder when 4115 is divided by 1440.
1235
What is the remainder when 4366715 is divided by 21?
17
Calculate the remainder when 4521286 is divided by 132977.
68
What is the remainder when 32207296 is divided by 17?
14
Calculate the remainder when 152829 is divided by 3250.
79
What is the remainder when 2494415 is divided by 18?
11
What is the remainder when 4861489 is divided by 202561?
25
Calculate the remainder when 87165 is divided by 86656.
509
Calculate the remainder when 3630059 is divided by 21.
20
What is the remainder when 277051 is divided by 5365?
3436
What is the remainder when 49879 is divided by 4523?
126
What is the remainder when 10828097 is divided by 380?
377
What is the remainder when 6360343 is divided by 1874?
1861
Calculate the remainder when 13303425 is divided by 440.
25
What is the remainder when 221503 is divided by 110724?
55
Calculate the remainder when 2834816 is divided by 1354.
894
What is the remainder when 323471 is divided by 638?
5
Calculate the remainder when 14163376 is divided by 1082.
1078
What is the remainder when 803290 is divided by 146?
144
What is the remainder when 603191 is divided by 307?
243
Calculate the remainder when 154650414 is divided by 232557.
9
What is the remainder when 11891038 is divided by 2972758?
6
Calculate the remainder when 58237 is divided by 160.
157
What is the remainder when 864642 is divided by 6732?
2946
What is the remainder when 35910 is divided by 7127?
275
Calculate the remainder when 55854511 is divided by 33.
31
What is the remainder when 220810589 is divided by 1677?
1676
Calculate the remainder when 5074 is divided by 5018.
56
Calculate the remainder when 240616 is divided by 812.
264
What is the remainder when 72155954 is divided by 10?
4
Calculate the remainder when 225884 is divided by 112932.
20
What is the remainder when 1888832 is divided by 14523?
842
Calculate the remainder when 1246202 is divided by 8781.
8081
Calculate the remainder when 23849789 is divided by 7507.
50
What is the remainder when 1349226 is divided by 89948?
6
Calculate the remainder when 151252 is divided by 1080.
52
What is the remainder when 394699 is divided by 1480?
1019
Calculate the remainder when 8620150 is divided by 1327.
1285
What is the remainder when 14198548 is divided by 15?
13
Calculate the remainder when 1147014 is divided by 18802.
92
Calculate the remainder when 164169 is divided by 81672.
825
Calculate the remainder when 631607 is divided by 631596.
11
What is the remainder when 1237825326 is divided by 70?
66
What is the remainder when 1191017 is divided by 11